 of 910 and 157703?
91
Calculate the greatest common factor of 76 and 107084.
76
What is the greatest common factor of 5910 and 22245?
15
What is the highest common factor of 66 and 156706?
22
Calculate the greatest common factor of 118 and 5739166.
118
What is the greatest common divisor of 780 and 10860?
60
What is the highest common divisor of 6955 and 1625?
65
What is the greatest common divisor of 17 and 424014?
17
Calculate the highest common factor of 110814 and 44.
22
What is the highest common factor of 4746560 and 1092?
364
What is the greatest common factor of 7392 and 1634864?
1232
Calculate the greatest common factor of 78 and 362442.
6
Calculate the highest common factor of 41441 and 232.
29
What is the greatest common factor of 215 and 187351?
43
What is the highest common factor of 44 and 344608?
44
What is the greatest common divisor of 5200 and 416?
208
Calculate the greatest common factor of 4608 and 69408.
288
What is the greatest common divisor of 3885 and 840?
105
What is the greatest common divisor of 339 and 1133277?
339
Calculate the greatest common factor of 171 and 199101.
57
Calculate the greatest common factor of 3781 and 2189.
199
Calculate the highest common divisor of 21041 and 689.
53
Calculate the highest common factor of 154 and 27818.
14
What is the highest common factor of 657 and 645831?
657
Calculate the greatest common divisor of 1896 and 495172.
316
Calculate the highest common divisor of 10 and 135270.
10
Calculate the greatest common divisor of 1826 and 242.
22
Calculate the greatest common divisor of 49 and 325654.
49
What is the greatest common factor of 108 and 21519?
27
What is the highest common divisor of 79884 and 180?
36
Calculate the greatest common factor of 15 and 11300565.
15
Calculate the highest common divisor of 980 and 370.
10
What is the highest common factor of 197076 and 24?
12
What is the highest common divisor of 708 and 760038?
354
Calculate the greatest common factor of 261040 and 134536.
2008
What is the greatest common divisor of 526 and 36?
2
What is the highest common divisor of 80652 and 235?
47
Calculate the highest common divisor of 451 and 176177.
41
Calculate the highest common divisor of 652998 and 1806.
258
Calculate the highest common divisor of 36663 and 99.
33
What is the greatest common divisor of 1390 and 140668?
278
Calculate the highest common divisor of 112 and 64336.
16
What is the highest common factor of 568 and 328?
8
What is the greatest common divisor of 10224 and 288?
144
What is the greatest common divisor of 1431 and 117660?
159
What is the greatest common factor of 970208 and 48?
16
Calculate the greatest common divisor of 13451728 and 16.
16
What is the greatest common divisor of 380 and 45885?
95
What is the greatest common factor of 103501 and 344?
43
What is the highest common divisor of 203025 and 375?
75
What is the greatest common factor of 36 and 347916?
12
What is the highest common factor of 3127 and 33125?
53
Calculate the greatest common factor of 3485 and 800.
5
Calculate the greatest common divisor of 945 and 16745.
5
Calculate the greatest common divisor of 1680889 and 2289.
763
What is the greatest common divisor of 24309 and 2997?
333
What is the highest common divisor of 312 and 54041?
13
What is the highest common factor of 154 and 424424?
154
Calculate the greatest common factor of 8026997 and 319.
319
Calculate the highest common factor of 1261 and 67561.
13
Calculate the highest common factor of 1222 and 2162.
94
What is the greatest common divisor of 40 and 13856?
8
Calculate the greatest common factor of 4961 and 847.
121
Calculate the greatest common factor of 7990 and 96115.
235
Calculate the greatest common factor of 754 and 247.
13
What is the highest common divisor of 846 and 13761?
9
Calculate the highest common factor of 150255 and 810.
405
What is the highest common divisor of 1349812 and 4?
4
Calculate the highest common factor of 70 and 270410.
70
Calculate the greatest common factor of 2376 and 117920.
88
Calculate the greatest common divisor of 510 and 960.
30
Calculate the highest common divisor of 25758 and 318.
318
Calculate the highest common divisor of 27805 and 47310.
415
Calculate the highest common divisor of 27 and 1689.
3
Calculate the highest common factor of 575218 and 56.
14
What is the highest common divisor of 126 and 3946194?
126
Calculate the highest common factor of 6 and 48183.
3
What is the highest common divisor of 33 and 303699?
33
What is the greatest common divisor of 5270 and 103190?
170
Calculate the highest common divisor of 619931 and 1677.
559
Calculate the greatest common divisor of 131400 and 855.
45
Calculate the highest common factor of 13431 and 2553.
111
What is the greatest common factor of 198 and 1740717?
99
What is the highest common factor of 95 and 1145149?
19
Calculate the greatest common factor of 6048 and 384.
96
Calculate the highest common divisor of 84 and 192.
12
Calculate the greatest common divisor of 1634 and 68413.
43
What is the greatest common divisor of 595 and 1237481?
119
Calculate the greatest common divisor of 1184 and 8806.
74
What is the highest common factor of 15 and 3485865?
15
What is the greatest common factor of 31640 and 8960?
280
What is the highest common divisor of 312 and 13494?
78
What is the highest common factor of 286 and 8916622?
286
Calculate the highest common divisor of 42 and 23338.
14
Calculate the highest common factor of 632 and 2405708.
316
What is the greatest common factor of 16716 and 252?
84
What is the greatest common factor of 256 and 269440?
128
Calculate the greatest common factor of 5894 and 28.
14
What is the greatest common factor of 29987 and 4775?
191
Calculate the greatest common divisor of 11107 and 928.
29
What is the greatest common divisor of 14704 and 1?
1
Calculate the highest common divisor of 2870 and 10850.
70
What is the greatest common factor of 53142 and 663?
51
What is the highest common divisor of 228 and 2028?
12
Calculate the greatest common divisor of 448620 and 120.
60
What is the highest common factor of 115 and 24935?
5
What is the greatest common factor of 3 and 71790?
3
Calculate the highest common divisor of 552 and 23.
23
What is the greatest common divisor of 2360 and 5546?
118
Calculate the highest common factor of 432 and 27162.
54
Calculate the highest common divisor of 1692 and 193311.
423
What is the highest common factor of 60120 and 11040?
120
What is the greatest common divisor of 1166 and 74518?
106
Calculate the greatest common factor of 663 and 32929.
221
Calculate the greatest common divisor of 2 and 5099.
1
Calculate the greatest common factor of 741 and 6803862.
741
Calculate the highest common factor of 442 and 459.
17
Calculate the highest common divisor of 1902242 and 1243.
113
Calculate the greatest common divisor of 225 and 7050.
75
What is the greatest common divisor of 1117857 and 429?
39
Calculate the greatest common factor of 563 and 1194123.
563
Calculate the highest common divisor of 206844 and 231.
33
What is the highest common divisor of 21 and 1949472?
21
What is the greatest common divisor of 17 and 6959647?
17
Calculate the highest common divisor of 73108 and 2674.
14
Calculate the highest common divisor of 895 and 15.
5
What is the highest common factor of 3384483 and 3?
3
Calculate the highest common factor of 1254470 and 140.
70
What is the greatest common factor of 464 and 1255207?
29
Calculate the greatest common factor of 1512 and 684.
36
What is the greatest common factor of 1330 and 7147?
7
What is the greatest common factor of 9636 and 7887?
33
What is the greatest common divisor of 3150 and 60200?
350
What is the greatest common factor of 115141 and 884?
221
Calculate the highest common factor of 324 and 27532548.
324
What is the greatest common divisor of 140190 and 30?
30
Calculate the highest common divisor of 12 and 172644.
12
What is the highest common factor of 11005 and 3100?
155
What is the highest common factor of 1356 and 64071?
339
What is the highest common divisor of 12151216 and 1232?
1232
What is the highest common divisor of 152 and 35798888?
152
Calculate the highest common divisor of 57 and 216904.
19
Calculate the greatest common 